me factors of p(57)?
5021
Let w(d) = d**3 + 5*d**2 - 7*d - 2. Let a = -62 - -56. Let r be w(a). Suppose 5*b - 966 = -r*f, -649 = -4*b + 3*f + 99. What are the prime factors of b?
2, 5, 19
Let j(s) = -20 - 107 + 311 - 232*s. List the prime factors of j(-4).
2, 139
Suppose 22*w = 19*w + 32412. What are the prime factors of w?
2, 37, 73
Let r = 21952 + 30703. List the prime factors of r.
5, 10531
Suppose -k + 1058 = -3*b - 681, 0 = -k - 2*b + 1724. Suppose 13*t - 18*t + k = 0. What are the prime factors of t?
2, 173
Let f(v) = 25*v**2 + v + 2. Let p be f(-3). Let m(s) = -12*s**2 + 35*s - 109. Let l be m(3). Let g = p + l. List the prime factors of g.
2, 7
Let b(k) = -3*k**2 + 2*k + 1. Let q be b(-1). What are the prime factors of 1/(-4) + 6223/28 + q?
2, 109
Suppose 3*g + 0*g - 204 = 3*s, -5*g = 5*s - 380. Suppose 6*d + 3*d = g. Suppose -u = 5*o - 98, -d*o + 196 = 2*u - 7*o. List the prime factors of u.
2, 7
Let j(h) = 10*h**2 + 2*h + 1. Let d be j(-1). Suppose -g - 2*o = -4, -5*o = 5*g - d*o - 90. List the prime factors of g.
2, 7
Let p(a) = a**2 - 13*a + 23. Let m be p(11). Let o = -37 + 141. Let v = o + m. List the prime factors of v.
3, 5, 7
Suppose 0 = -23*y + 20*y, 25215 = 3*p - 9*y. What are the prime factors of p?
5, 41
Let a be (-10 - 156/(-15)) + 46126/10. Suppose 3368 = 23*f - a. What are the prime factors of f?
347
Suppose -10*x + 15*x = 5. Let a be -2*(-171*1 + x). Suppose 3*s - a = 29. List the prime factors of s.
3, 41
Let x be 1 - (4 + (-111)/3). Let p be ((-22)/4)/((-1)/x). Suppose -2*k + 248 = 3*k - t, 4*k - p = -3*t. List the prime factors of k.
7
Suppose 0 = -16*l + 45 + 35. Suppose 2*o - 5*w = -3*w + 676, 5*o - 1650 = -l*w. What are the prime factors of o?
2, 167
Let x(m) = -m**2 + 5*m + 9. Let i be x(6). Suppose -22 = -5*k + 2*o - 5*o, -i*k - o + 10 = 0. Let h(q) = 35*q**2 + 2*q - 4. List the prime factors of h(k).
2, 5, 7
Suppose 0 = 2*z + 6 - 10. Suppose 0 = -2*b - 5*r + 2001, 4*b - b - 3011 = z*r. List the prime factors of b.
17, 59
Let d = 104 - 44. Let q be (0 + d)/(3/(-9)). List the prime factors of 4/(-10)*q/2.
2, 3
Let c(t) = -796*t + 5285. Let q be c(7). Suppose n - 390 = 4*n. Let p = n - q. List the prime factors of p.
157
Let n = -5770 + 40498. What are the prime factors of n?
2, 3, 1447
Let g = -133 - -231. Let q = g + 63. List the prime factors of q.
7, 23
Suppose 0 = -5*h + 167 + 768. Let s(b) = 35*b - 40. Let t be s(-2). Let n = h + t. What are the prime factors of n?
7, 11
Let b be (2 - 5)/((-15)/21)*35. Suppose 151*y - b*y - 52 = 0. Suppose -1127 = -y*u - 399. What are the prime factors of u?
2, 7
Let f be (-26)/104 - 402/(-8). What are the prime factors of (0 + (-10340)/f)/(2/(-5))?
11, 47
Let o(i) = -2304*i - 53. What are the prime factors of o(-8)?
18379
Suppose 752 = -144*r + 145*r. Let l = r - 448. List the prime factors of l.
2, 19
Let a(m) = -401*m + 11. Let i(t) = 134*t - 4. Let z(j) = -6*a(j) - 17*i(j). Let v be z(1). Suppose v = 4*w - 358. List the prime factors of w.
2, 61
Let z = -15 + 17. Let i be -36*((-2)/1)/z. Let k = 66 - i. List the prime factors of k.
2, 3, 5
Suppose 2088 = -55*z + 64*z. Let j = -94 + z. List the prime factors of j.
2, 3, 23
Let j(n) = -n**3 + 7*n**2 + n - 1. Let a be j(6). Let q = a - 41. Suppose -8*d = -q*d - 664. What are the prime factors of d?
83
Let d(p) be the first derivative of -9*p**2/2 + 165*p + 9. What are the prime factors of d(-28)?
3, 139
Let n = 287 + -265. Suppose n*f + 429 = 6413. List the prime factors of f.
2, 17
Let m be 6/(-8*3)*(-1 + 1). Suppose 3*t - o + 72 = -0*t, t = -2*o - 31. Let j = m - t. What are the prime factors of j?
5
Suppose -121*q + 315 = -116*q. Suppose -5 = -2*o + o - 2*z, -z = 0. List the prime factors of q + o/((-15)/(-12)).
67
Let v = -19 + 23. Let q(b) = 4*b**2 + 7. Let i be q(v). Let z = i + -57. What are the prime factors of z?
2, 7
Suppose 2*t + 4*s = 8*s + 9842, -4*t = 3*s - 19662. List the prime factors of t.
3, 11, 149
Let d(f) = 10*f**3 - 9*f**2 - 192*f + 31. What are the prime factors of d(15)?
2, 7219
Let r(m) = -62*m + 11. Let j be 2*(-4)/(-24)*24. Let x be r(j). What are the prime factors of x/(-35) + (-4)/(-28)?
2, 7
Let g = 68 + -69. Let v be ((-38)/(-57))/(g/21). Let t = 189 + v. What are the prime factors of t?
5, 7
Let g(a) = -a**3 + 2*a**2 + a - 4. Let f(p) be the first derivative of -p**3/3 + p + 33. Let n(u) = -6*f(u) - g(u). List the prime factors of n(4).
2, 61
Let y be 38 + ((-24)/(-2))/(-3). Suppose 0 = -2*f - 2*f - 2*b - y, -f = -4*b - 5. What are the prime factors of ((-496)/(-168) - (-2)/f)*36?
2, 3
Let n(u) = 9*u**2 - 27*u - 4 + 5*u**2 + 8*u**2 - 25*u**2 + u**3. Let j be n(7). List the prime factors of j + -4 + (23*18)/3.
137
Let h be (4/8*-2)/(7/(-21532)). Suppose 18*z - h = 2846. List the prime factors of z.
7, 47
Suppose 0 = 3*n - 9, -3*n - 1 = -4*y + 6. Suppose 22 = -4*g + q, y*g - q - q = -24. Let m = g + 10. What are the prime factors of m?
5
Let z = -5906 + 6886. List the prime factors of z.
2, 5, 7
Suppose -n + 5 = -3*i - 33, 2*n - 68 = -2*i. Let l = 50 - n. What are the prime factors of (l/15)/(2/538)?
269
Let y be (6 - 198/27)/(8/36). Suppose 4*c - 300 = -0*c. List the prime factors of ((-2)/y)/(1/c).
5
Let c(f) = 2076*f - 2011. List the prime factors of c(6).
5, 2089
Suppose -3*v = 5*o - 11125, 87*v - 90*v + 5*o + 11135 = 0. List the prime factors of v.
2, 5, 7, 53
Let q = 35800 - 19260. List the prime factors of q.
2, 5, 827
Let u(a) = -2*a**3 + 36*a**2 + 0 - 32*a**2 - 7*a + 7. What are the prime factors of u(-5)?
2, 7
Suppose 0 = 4*r - 0*b + 3*b - 150, 35 = r + 2*b. Suppose 2*z - r - 81 = 0. What are the prime factors of z?
2, 3, 5
List the prime factors of (-60046)/(-16) + 0 + (-19 + 23)/32.
3, 139
Suppose -205*z - 3384702 = -5859255 - 4535627. What are the prime factors of z?
2, 83, 103
Let v(s) = 25*s**3 - 16*s**2 + 20*s + 176. List the prime factors of v(9).
5, 3457
List the prime factors of -10 - (-9)/((-126)/(-4172)).
2, 3
Suppose 0 = 17*d - 37*d - 11300. Let y = d + 794. List the prime factors of y.
229
Let o = 891 + -577. Suppose -2*t + 98 = -o. Let f = t + -47. What are the prime factors of f?
3, 53
Let c(m) = -15*m - 34. Let n be c(-3). List the prime factors of -5 - -1 - (-645 - (n - 6)).
2, 17, 19
What are the prime factors of (-25)/10*(-3 + -4172 + -5 + 2)?
5, 2089
Let z(o) = o**3 + 5*o**2 + 3*o + 2. Let f be z(-1). Let y be 2 + ((-2)/(-6) - 16/f). List the prime factors of (-3 - 995/15)*y.
2, 13
Suppose -f + 4383 = 2*l, 5*l + 4380 = 7*l - 2*f. What are the prime factors of l?
7, 313
Let h be (-2)/(-2)*1437 - (-1 + 1). Suppose 3*x = -y - x + h, y = x + 1422. Suppose 0 = 10*i - y - 95. What are the prime factors of i?
2, 19
Let d(a) be the second derivative of 10*a**3/3 - 5*a**2/2 + 2*a. Suppose -3*r + 96 = 81. List the prime factors of d(r).
5, 19
Let z be -6 - -10*(-258)/(-12). Let v = z + 28. What are the prime factors of v?
3, 79
Suppose -3*u - 26931 - 119819 = -13*u. List the prime factors of u.
5, 587
Let d(j) = j - 6. Let q be d(9). Suppose -q = -3*s + 9. Suppose m = -s*z + 337, -z + 4*m = z - 146. List the prime factors of z.
83
Suppose 3*c - a = 73581 + 3110, 5*a + 51162 = 2*c. What are the prime factors of c?
25561
Let l(u) = -u**2 + 10*u - 3. Let f be l(9). Suppose -f*j = -9*j. Suppose k - 4*t = -j*k + 45, -3*k - 5*t = -50. List the prime factors of k.
5
List the prime factors of -7443*(-228)/36 - (2 + -5 - 3).
3, 5, 7, 449
Let n be 32/64 + 39/(-2). Let j = n + 69. List the prime factors of j.
2, 5
Let t = 54 + -34. Suppose 4*a = -q + t, -q = -3*q + 2*a - 10. Suppose q = 5*x + b - 35 - 30, 0 = -b + 5. What are the prime factors of x?
2, 3
Suppose -4*q - 3*u + 0*u + 75 = 0, 3*q - 55 = -2*u. Suppose -6*n + q = -5*n. Suppose 3*i = -n + 426. List the prime factors of i.
137
Let d(f) = -9*f**2 + f**2 + 25*f**2 + 11*f - 5*f**2 - 9. What are the prime factors of d(-6)?
3, 7, 17
Let m(z) = -36*z - 393. Let b be m(-19). Suppose 1026 = 2*a + c + b, -3*a = 2*c - 1104. List the prime factors of a.
2, 3, 61
Let i be (5*(-30)/375)/((-2)/(-1390)). What are the prime factors of 6 + 20/(-5) - (i + 1)?
3, 31
Suppose 0 = -4*j + t + 11219, -724 - 2074 = -j - 2*t. What are the prime factors of j?
2, 701
Let h be 6 + (882 - -4) + 6. Suppose 0 = -3*c - 5*t - 300 + h, 5*t = -2*c + 407. L